{"id":30,"date":"2014-05-18T21:53:22","date_gmt":"2014-05-18T19:53:22","guid":{"rendered":"http:\/\/zielonezacisze.org.pl\/?page_id=30"},"modified":"2025-10-26T20:45:18","modified_gmt":"2025-10-26T19:45:18","slug":"kontakt","status":"publish","type":"page","link":"https:\/\/zielonezacisze.org.pl\/?page_id=30","title":{"rendered":"Kontakt"},"content":{"rendered":"<p style=\"color: #858585;\"><strong>Stowarzyszenie Mieszka\u0144c\u00f3w &#8222;Zielone Zacisze&#8221;<\/strong><\/p>\n<p style=\"color: #858585;\">ul. \u015aw. Wincentego 114, klatka VII<br \/>\n03-291 Warszawa<br \/>\nKRS: 0000339284<br \/>\nNIP: 524-270-33-11<\/p>\n<p style=\"color: #858585;\">numer konta bankowego: <b>10 1160 2202 0000 0005 5553 0488<\/b><br \/>\nbank:<b>\u00a0Millenium Bank<\/b><\/p>\n<p style=\"color: #858585;\">Jeste\u015bmy do Pa\u0144stwa dyspozycji:<br \/>\nBiuro &#8211;\u00a0\u00a0<a style=\"color: #8fbc03;\" href=\"mailto:biuro@zielonezacisze.org.pl\">biuro@zielonezacisze.org.pl<\/a><\/p>\n<p style=\"color: #858585;\">W sprawach technicznych zwi\u0105zanych z WWW: <a style=\"color: #8fbc03;\" href=\"mailto:biuro@ksysk.pl\">biuro@zielonezacisze.org.pl<\/a><\/p>\n","protected":false},"excerpt":{"rendered":"<p>Stowarzyszenie Mieszka\u0144c\u00f3w &#8222;Zielone Zacisze&#8221; ul. \u015aw. Wincentego 114, klatka VII 03-291 Warszawa KRS: 0000339284 NIP: 524-270-33-11 numer konta bankowego: 10 1160 2202 0000 0005 5553 0488 bank:\u00a0Millenium Bank Jeste\u015bmy do Pa\u0144stwa dyspozycji: Biuro &#8211;\u00a0\u00a0biuro@zielonezacisze.org.pl W sprawach technicznych zwi\u0105zanych z WWW: biuro@zielonezacisze.org.pl<\/p>\n","protected":false},"author":1,"featured_media":0,"parent":0,"menu_order":6,"comment_status":"closed","ping_status":"closed","template":"","meta":{"footnotes":""},"class_list":["post-30","page","type-page","status-publish","hentry"],"_links":{"self":[{"href":"https:\/\/zielonezacisze.org.pl\/index.php?rest_route=\/wp\/v2\/pages\/30","targetHints":{"allow":["GET"]}}],"collection":[{"href":"https:\/\/zielonezacisze.org.pl\/index.php?rest_route=\/wp\/v2\/pages"}],"about":[{"href":"https:\/\/zielonezacisze.org.pl\/index.php?rest_route=\/wp\/v2\/types\/page"}],"author":[{"embeddable":true,"href":"https:\/\/zielonezacisze.org.pl\/index.php?rest_route=\/wp\/v2\/users\/1"}],"replies":[{"embeddable":true,"href":"https:\/\/zielonezacisze.org.pl\/index.php?rest_route=%2Fwp%2Fv2%2Fcomments&post=30"}],"version-history":[{"count":6,"href":"https:\/\/zielonezacisze.org.pl\/index.php?rest_route=\/wp\/v2\/pages\/30\/revisions"}],"predecessor-version":[{"id":426,"href":"https:\/\/zielonezacisze.org.pl\/index.php?rest_route=\/wp\/v2\/pages\/30\/revisions\/426"}],"wp:attachment":[{"href":"https:\/\/zielonezacisze.org.pl\/index.php?rest_route=%2Fwp%2Fv2%2Fmedia&parent=30"}],"curies":[{"name":"wp","href":"https:\/\/api.w.org\/{rel}","templated":true}]}}